 l(-5).
9
Let s(u) be the second derivative of -1/6*u**3 + 4*u + 0 + 2*u**2. Suppose -4*h = -16 - 4. Determine s(h).
-1
Let v(o) = 4*o**3 - 7*o**2 + 9*o - 7. Let h(k) = 18*k - k**2 - 7*k**2 - 13 - 4*k**2 - 3*k**2 + 7*k**3. Let z(l) = 3*h(l) - 5*v(l). What is z(9)?
-4
Let g = 72 + -60. Let b = 3 - g. Let d(y) = y + 13. Give d(b).
4
Let p(b) be the second derivative of b**4/12 + 2*b**3/3 - 4*b**2 - 31*b. Give p(-6).
4
Let s be (-5 + 10)/((-1)/(-1)). Let z(d) = -10*d + 3. Let q(g) = -9*g + 2. Let a(v) = s*z(v) - 6*q(v). Determine a(-2).
-5
Suppose -c = -v - 32, 166 = -0*c + 5*c - 2*v. Let d(j) = 1 + 20*j - 2 - j**2 + 21*j - c*j. Determine d(6).
5
Let z(d) = d - 12. Let m(f) = 2*f**2 - 37*f - 30. Let j be m(19). Give z(j).
-23
Let h(w) = w**2 - w + 43. Let s be (18/(-8))/(-9)*0. Calculate h(s).
43
Let w be 9/54 + 53/6. Let j(s) = s**3 - 11*s**2 + s + 13. Let c(l) = -l**2 + l. Let y(m) = 2*c(m) - j(m). What is y(w)?
-4
Let z(o) = -o**3 - 8*o**2 - o - 2. Let v(r) = r**3 + 7*r**2 + r + 1. Let u(w) = -3*v(w) - 2*z(w). Determine u(-5).
6
Let r(i) be the first derivative of -i**3/3 - 7*i**2/2 - 12*i + 58. Give r(-5).
-2
Suppose -49*k + 12 = -47*k. Let w(q) = -q**3 + 6*q**2 + 12. Give w(k).
12
Let w(r) = -3*r + 3. Let i be w(-4). Let x(z) = z**3 + 6*z**2 - 26*z - 12. Let b be x(-9). Let y = i + b. Let p(o) = -2*o + 1. Calculate p(y).
13
Suppose -89 = -5*r - n, 2*n - 6*n = -16. Let c(o) = 2 - r*o + o**3 - 3 + 22*o + 6*o**2. Give c(-4).
11
Let q(f) = -f**3 + 5*f**2 - 5*f - 4. Let n be q(4). Let v be 20/n*16/(-20). Let j(w) = 5*w - v*w**3 - 3 + 0*w + 5*w**2 + 3*w**3. Calculate j(-4).
-7
Let l(x) = -13*x**2 + 7*x - 2. Let g be ((-57)/9 - -4)*1*3. Let r(j) = -19*j**2 + 10*j - 3. Let f(s) = g*l(s) + 5*r(s). Suppose -2 + 3 = a. What is f(a)?
-4
Suppose -3*i + 19 = -5*g, -3*i - 3*g = -i. Suppose -3*w = 3*w + 30. Let a(r) = -3*r**2 + 20. Let h(d) = 2*d**2 - 13. Let j(z) = w*a(z) - 8*h(z). Determine j(i).
-5
Let h(r) = -r + 13. Let x be 9/6 - (-78)/4. Suppose -x = -8*j + 5*j. Calculate h(j).
6
Let f(i) = -7*i**2 - 2. Let u(d) = -6*d**2 - d - 1. Let v(w) = -5*f(w) + 6*u(w). Determine v(-8).
-12
Let c(y) = -y**2 - 5*y - 5. Let k be c(-3). Let b(s) = -s**3 - s**2 + s - 1. Let j(f) = -6*f**3 - 2*f**2 + 9*f - 8. Let a(w) = k*j(w) - 5*b(w). Calculate a(4).
-3
Let c(d) = 23*d - 20. Let a(u) = -13*u + 10. Let v(g) = -7*a(g) - 4*c(g). What is v(10)?
0
Let m(u) = u + 4. Let l(n) = -n - 1. Let f = 5 + -7. Let c(t) = f*l(t) - m(t). Give c(0).
-2
Suppose 0 = -3*g - 1 + 10. Let c(n) = -30*n + 7. Let d be c(-1). Let w(j) = -d*j + 1 + 38*j - g. Give w(-3).
-5
Let r(t) be the third derivative of 7*t**2 + 7/6*t**3 + 1/15*t**5 - 1/24*t**4 + 0*t + 1/120*t**6 + 0. Determine r(-5).
-13
Let f(y) = -8 + 126*y - 39*y - 42*y - 47*y. What is f(-7)?
6
Let m(i) = 29*i - 15*i - 23*i. Suppose 0 = 4*c - 2*c - 2. What is m(c)?
-9
Suppose -2*g = -0*g + 10, -3*l = -5*g - 28. Let d(f) = -15*f**3 - f + 1. What is d(l)?
-15
Let b(j) = j**3 + 4*j**2 - 3*j - 16. Let t be b(-4). Let z(r) = -r**2 + 2*r. Determine z(t).
-24
Let s(x) = -x**2 - 11*x + 12. Let h be s(-12). Suppose h = -2*m + 1 - 7. Let g(v) = v**2 - 3*v - 1. Determine g(m).
17
Let a(b) be the third derivative of -b**5/10 + b**3/3 - 4*b**2 + 13*b. Give a(-2).
-22
Let r(g) = -8*g**2 - 2*g**2 + 13 + 11*g**2 - 17. Calculate r(2).
0
Let h(d) = -d + 4. Let z(p) = -p**3 + 6*p**2 - 2*p + 6. Let s(m) = -m + 4. Let g be s(-2). Let o be z(g). What is h(o)?
10
Let q be 1/(-7) - (-272)/238. Let d(r) = -6*r**3 + r**2 - 2*r + 1. Determine d(q).
-6
Let j be (2 - 1)*(1 + 1). Suppose -4*m - k = j*k + 4, 2*m - 3*k - 16 = 0. Let o(b) = -6 - 50*b + 50*b + b**m. Calculate o(0).
-6
Suppose -41*d = -46*d + 40. Let m(g) = -g + 14. Determine m(d).
6
Let h(u) = -2*u - 9. Let j(m) = m + 4. Let o(z) = -2*h(z) - 5*j(z). Determine o(-2).
0
Let o(h) = 38*h**2 - 32*h + 19. Let b(j) = -27*j**2 + 22*j - 13. Let a(g) = -7*b(g) - 5*o(g). Let m be 2/(-4) - (-11)/2. Calculate a(m).
1
Let l be 0 - -6*1*-1. Let h(c) be the second derivative of 7*c**2 + 1/6*c**3 + 0 + 2*c. What is h(l)?
8
Suppose -5*x - 25 = -0*x. Let v be x + 3/((-6)/(-8)). Let c(m) be the first derivative of 7*m**4/4 + m**2/2 + 2. Give c(v).
-8
Let q(k) = -4*k - 5. Suppose 18*n = -v + 15*n + 7, 2*v + 1 = -n. Give q(v).
3
Let i(f) = -3*f - 7. Let s(v) = -1. Let m(b) = b + 11. Let a be m(-14). Let j(h) = a*s(h) + i(h). What is j(-3)?
5
Suppose -8*i = -5*i - 9. Suppose s + i*s = -12. Let l = 8 + s. Let c(y) = y + 4. What is c(l)?
9
Let l(k) be the third derivative of -k**7/5040 + k**6/90 + k**5/12 + 6*k**2. Let n(d) be the third derivative of l(d). Determine n(7).
1
Let k(h) = h**3 + 3*h**2 + 2*h + 4. Let m(g) be the second derivative of -9*g + 1/20*g**5 + 3/2*g**2 - 1/4*g**4 + 0 - 1/3*g**3. Let r be m(3). Calculate k(r).
-2
Let q(s) = -s**2 - 6*s + 5. Let r(f) = f**2 - 11*f + 22. Let c be r(5). Calculate q(c).
-11
Let s be (-4)/(60/(-33)) + 220/275. Let u(w) be the first derivative of -2*w**2 + 8 + 2/3*w**s + 2*w. Calculate u(3).
8
Let f(l) = l**3 - 19*l**2 + 51*l - 47. Let a be f(16). Let u(h) = -12*h. What is u(a)?
-12
Let z(d) = d - 3. Let w(l) = -93*l + 658. Let a be w(7). What is z(a)?
4
Suppose -4*h = -8*h - 16. Let p(y) = 21*y + 196. Let k be p(-12). Let f be ((-6)/h)/(21/k). Let z(v) = -3*v + 5. Calculate z(f).
17
Let m be (3/2)/(6/16). Let c be (-14)/m*(1 + -3). Suppose c*l - 5*l = 0. Let v(w) = w**2 + w + 9. Calculate v(l).
9
Let b(p) = -p**2 - 10*p - 11. Let k be b(-8). Let g(t) be the third derivative of t**6/120 - t**5/10 + 5*t**4/24 + t**3/6 - 8*t**2. Calculate g(k).
1
Let a(l) = -14*l**3 - 7*l**2 + 14*l + 3. Let c(n) = 21*n**3 + 10*n**2 - 20*n - 4. Let u(z) = 7*a(z) + 5*c(z). What is u(1)?
7
Let z = 19 - 13. Let t(o) = -7 - 82*o + 8*o**2 + 2 + 13 + 72*o - o**3. Determine t(z).
20
Let h(u) = -u**2 - 6*u + 10. Suppose -2 = 5*q + 38. What is h(q)?
-6
Let z(w) = w**3 - w**2 + w + 3. Let l be z(0). Let b(m) = -l + 4*m + 6*m + 11*m - 19*m. What is b(-3)?
-9
Let k(z) = -z**3 - 9*z**2 - 9. Let m be k(-9). Let q(r) = -4*r**2 - 36*r - 5. Let c(y) = -y**2 - 9*y - 1. Let h(u) = -9*c(u) + 2*q(u). What is h(m)?
-1
Let s(x) be the first derivative of x**5/40 - x**4/2 - 41*x**3/3 - 42. Let q(m) be the third derivative of s(m). Determine q(8).
12
Suppose -20*r + 35 = 155. Let j(p) = p**2 + 3*p - 8. Calculate j(r).
10
Let v(j) = j**3 - 14*j**2 - 4*j - 9. Let n be v(14). Let q = n + 64. Let r(p) = -5*p. What is r(q)?
5
Let v(i) = 2*i**2 - i**2 - 6*i**2 + 11 - 3*i + 2*i**2 + 2*i**2. What is v(-5)?
1
Let z = -532 - -535. Let t(d) = 6*d - 15. Calculate t(z).
3
Let r(g) = -7*g**2 - 9*g + 4. Let m(c) = -6*c**2 - 8*c + 3. Let p(f) = -5*m(f) + 4*r(f). Let q = -22 - 16. Let j = 35 + q. Give p(j).
7
Let y(o) = o - 5. Let i(g) = -g + 7. Let s(l) = -6*i(l) - 7*y(l). Determine s(-3).
-4
Let z be 64/704 - (-109)/11. Let a(o) = -o**2 + 2*o + 12. Give a(z).
-68
Let g be 0/(7 + (-6)/2). Let m(w) = w**2 + w - 1. Give m(g).
-1
Let t(s) = -2*s - 1. Let w(j) = 9*j + 22. Let f(p) = -5*t(p) - w(p). Determine f(0).
-17
Let q(m) = 3*m**3 + 2*m**3 - 4*m + 320 - 3*m**2 - 319 - 3*m**3. Calculate q(3).
16
Let z(m) = -m**2 + 12*m - 1. Let y be -5 + (-3 - (-10 + -4)) - -1. Determine z(y).
34
Let h(o) be the first derivative of 1/4*o**4 - 19 + 0*o**2 + 5*o - 1/3*o**3. Determine h(0).
5
Let a(q) = q**2 - 2*q + 3. Let t be (-2)/(-1*49/21 + 2). Give a(t).
27
Let i(a) = -2*a**3 - 5*a**2 - 2*a + 3. Let n be 4/50 + (-4312)/1400. Give i(n).
18
Let p(d) = -9*d - 10*d + 6 + 34*d - 13*d. Let j(a) = 2. Let v(o) = -4*j(o) + p(o). What is v(-2)?
-6
Suppose -3*j - 6 = 4*g, -5*j + 6 = 3*g + 5. Let k(u) = u + 7. Determine k(g).
4
Suppose 7*q + 1 = 15. Let c(s) = -6*s + q + 4*s - 6. What is c(-4)?
4
Let y(p) = 3*p**3 + 5*p**2 + 12*p - 11. Let f(o) = 7*o**3 + 8*o**2 + 24*o - 24. Let h(g) = 2*f(g) - 5*y(g). What is h(-7)?
-7
Let r = 213 + -217. Let o(c) = -c**3 - c**2 + 3*c - 1. What is o(r)?
35
Let s(p) = -2*p**3 + p**2 - p + 1. Let a(y) = 9*y**3 - 14*y**2 + 11*y + 5. Let f(u) = a(u) + 4*s(u). Determine f(9).
-9
Let b(r) be the first derivative of -4*r**3/3 + r**2/2 + 21. Let i be ((-2)/(-1))/((-8)/(-20)). Suppose v = i - 6. What is b(v)?
-5
Let z = -60 + 49. Let o(n) = -3*n - 4. Let d(j) = -16*j - 19. Let k(q) = z*o(q) + 2*d(q). Determine k(-6).
0
Let z(p) = 6*p*